{"id":76,"date":"2021-08-20T15:53:30","date_gmt":"2021-08-20T15:53:30","guid":{"rendered":"https:\/\/dev.merle-thordis.com\/?page_id=76"},"modified":"2026-04-15T14:32:38","modified_gmt":"2026-04-15T14:32:38","slug":"gesang","status":"publish","type":"page","link":"https:\/\/merle-thordis.com\/englisch\/gesang","title":{"rendered":"Voice\/Music"},"content":{"rendered":"<figure class=\"wp-block-image alignfull size-large tw-md-hidden tw-lg-hidden\"><img loading=\"lazy\" decoding=\"async\" width=\"1024\" height=\"683\" src=\"https:\/\/merle-thordis.com\/wp-content\/uploads\/2021\/08\/Gesangspa\u0308dagigik-Merle-1024x683.jpeg\" alt=\"Gesangsp\u00e4dagogik\" class=\"wp-image-133\" srcset=\"https:\/\/merle-thordis.com\/wp-content\/uploads\/2021\/08\/Gesangspa\u0308dagigik-Merle-1024x683.jpeg 1024w, https:\/\/merle-thordis.com\/wp-content\/uploads\/2021\/08\/Gesangspa\u0308dagigik-Merle-300x200.jpeg 300w, https:\/\/merle-thordis.com\/wp-content\/uploads\/2021\/08\/Gesangspa\u0308dagigik-Merle-768x512.jpeg 768w, https:\/\/merle-thordis.com\/wp-content\/uploads\/2021\/08\/Gesangspa\u0308dagigik-Merle-1536x1024.jpeg 1536w, https:\/\/merle-thordis.com\/wp-content\/uploads\/2021\/08\/Gesangspa\u0308dagigik-Merle-1568x1045.jpeg 1568w, https:\/\/merle-thordis.com\/wp-content\/uploads\/2021\/08\/Gesangspa\u0308dagigik-Merle.jpeg 2048w\" sizes=\"auto, (max-width: 1024px) 100vw, 1024px\" \/><\/figure>\n\n\n\n<div class=\"wp-block-group alignfull is-nowrap is-layout-flex wp-container-core-group-is-layout-6c531013 wp-block-group-is-layout-flex\">\n<figure class=\"wp-block-image size-large tw-sm-hidden\"><img loading=\"lazy\" decoding=\"async\" width=\"1024\" height=\"683\" src=\"https:\/\/merle-thordis.com\/wp-content\/uploads\/2021\/08\/Gesangspa\u0308dagigik-Merle-1024x683.jpeg\" alt=\"Gesangsp\u00e4dagogik\" class=\"wp-image-133\" srcset=\"https:\/\/merle-thordis.com\/wp-content\/uploads\/2021\/08\/Gesangspa\u0308dagigik-Merle-1024x683.jpeg 1024w, https:\/\/merle-thordis.com\/wp-content\/uploads\/2021\/08\/Gesangspa\u0308dagigik-Merle-300x200.jpeg 300w, https:\/\/merle-thordis.com\/wp-content\/uploads\/2021\/08\/Gesangspa\u0308dagigik-Merle-768x512.jpeg 768w, https:\/\/merle-thordis.com\/wp-content\/uploads\/2021\/08\/Gesangspa\u0308dagigik-Merle-1536x1024.jpeg 1536w, https:\/\/merle-thordis.com\/wp-content\/uploads\/2021\/08\/Gesangspa\u0308dagigik-Merle-1568x1045.jpeg 1568w, https:\/\/merle-thordis.com\/wp-content\/uploads\/2021\/08\/Gesangspa\u0308dagigik-Merle.jpeg 2048w\" sizes=\"auto, (max-width: 1024px) 100vw, 1024px\" \/><\/figure>\n\n\n\n<div class=\"wp-block-group\"><div class=\"wp-block-group__inner-container is-layout-constrained wp-block-group-is-layout-constrained\">\n<p class=\"has-text-align-right tw-text-wide\">The body serves as an instrument and the voice as an expression of inner and outer life. It can make the inner life resound and relate to the outer world.\nSinging and making music can make happy and offer another language as a form of expression. Vocally, Merle gained basic training in pop, jazz, classical, and experimental music as well as in free improvisation, vocal performance art, voice, and movement.<br><br>Merle plays music in several band and group projects, composes and teaches.<\/p>\n<\/div><\/div>\n<\/div>\n\n\n\n<div class=\"wp-block-buttons is-horizontal is-content-justification-center is-layout-flex wp-container-core-buttons-is-layout-03627597 wp-block-buttons-is-layout-flex\">\n<div class=\"wp-block-button is-style-outline is-style-outline--1\"><a class=\"wp-block-button__link has-black-color has-white-background-color has-text-color has-background wp-element-button\" href=\"https:\/\/merle-thordis.com\/englisch\/kontakt\/\">Get in touch now<\/a><\/div>\n<\/div>\n\n\n\n<div class=\"wp-block-group alignfull has-background\" style=\"background-color:#d8d8d8\"><div class=\"wp-block-group__inner-container is-layout-flow wp-block-group-is-layout-flow\">\n<h2 class=\"wp-block-heading has-text-align-center\" style=\"font-size:60px\">Music<\/h2>\n\n\n\n<div class=\"wp-block-columns alignwide has-text-align-center tw-cols-card tw-cols-card-shadow tw-stretched-media is-layout-flex wp-container-core-columns-is-layout-d0b3c9c8 wp-block-columns-is-layout-flex\">\n<div class=\"wp-block-column is-layout-flow wp-block-column-is-layout-flow\">\n<figure class=\"wp-block-embed is-type-video is-provider-youtube wp-block-embed-youtube wp-embed-aspect-16-9 wp-has-aspect-ratio\"><div class=\"wp-block-embed__wrapper\">\n<iframe loading=\"lazy\" title=\"SONNE\" width=\"600\" height=\"338\" src=\"https:\/\/www.youtube.com\/embed\/CAOWIX4YzGQ?feature=oembed\" frameborder=\"0\" allow=\"accelerometer; autoplay; clipboard-write; encrypted-media; gyroscope; picture-in-picture; web-share\" referrerpolicy=\"strict-origin-when-cross-origin\" allowfullscreen><\/iframe>\n<\/div><\/figure>\n\n\n\n<h3 class=\"wp-block-heading has-text-align-center has-large-font-size\"><strong>&#8222;SONNE&#8220;<\/strong><\/h3>\n\n\n\n<p class=\"has-text-align-center\">written by me<\/p>\n\n\n\n<p class=\"has-text-align-center\"><strong>Cello arrangement: <\/strong>David Schwartz<br><strong>Cello: <\/strong>David Schwartz<br><strong>Vocals:<\/strong> Merle Thordis<\/p>\n\n\n\n<p class=\"has-text-align-center\"><strong>Sound engineer<\/strong>: Hannah Sophia Schmeiser, Jakob Kerscher<br>Production\/mastering\/mixing: Hannah Sophia Schmeiser<\/p>\n\n\n\n<p class=\"has-text-align-center\"><strong>Studio:<\/strong> UdK Berlin<\/p>\n<\/div>\n<\/div>\n\n\n\n<div class=\"wp-block-columns alignwide tw-cols-card tw-cols-card-shadow tw-stretched-media is-layout-flex wp-container-core-columns-is-layout-d0b3c9c8 wp-block-columns-is-layout-flex\">\n<div class=\"wp-block-column is-layout-flow wp-block-column-is-layout-flow\">\n<figure class=\"wp-block-embed is-type-video is-provider-youtube wp-block-embed-youtube wp-embed-aspect-16-9 wp-has-aspect-ratio\"><div class=\"wp-block-embed__wrapper\">\n<iframe loading=\"lazy\" title=\"A Vow\" width=\"600\" height=\"338\" src=\"https:\/\/www.youtube.com\/embed\/Agy7fuqg-1w?feature=oembed\" frameborder=\"0\" allow=\"accelerometer; autoplay; clipboard-write; encrypted-media; gyroscope; picture-in-picture; web-share\" referrerpolicy=\"strict-origin-when-cross-origin\" allowfullscreen><\/iframe>\n<\/div><\/figure>\n\n\n\n<h3 class=\"wp-block-heading has-text-align-center has-large-font-size\"><strong>A VOW<\/strong><\/h3>\n\n\n\n<p class=\"has-text-align-center\">Johanna Lucia: Piano<br>David Schwartz: Cello, Vocals<br>Luca Pusch: Gituar, Syntesizer<br>Merle Thordis: Vocals<\/p>\n\n\n\n<p class=\"has-text-align-center\">all songs are written by Merle Thordis and arranged by Johanna Lucia, David Schwartz, Luca Pusch, Merle Thordis<br>\ud835\ude00\ud835\uddfc\ud835\ude02\ud835\uddfb\ud835\uddf1 \ud835\uddf2\ud835\uddfb\ud835\uddf4\ud835\uddf6\ud835\uddfb\ud835\uddf2\ud835\uddf2\ud835\uddff: Jakob Kerscher, Hanna Sophia Schmeiser<br>\ud835\uddfd\ud835\uddff\ud835\uddfc\ud835\uddf1\ud835\ude02\ud835\uddf0\ud835\ude01\ud835\uddf6\ud835\uddfc\ud835\uddfb\/\ud835\uddfa\ud835\uddee\ud835\ude00\ud835\ude01\ud835\uddf2\ud835\uddff\ud835\uddf6\ud835\uddfb\ud835\uddf4\/\ud835\uddfa\ud835\uddf6\ud835\ude05\ud835\uddf6\ud835\uddfb\ud835\uddf4: Hannah Sophia Schmeiser<br>Studio: UdK Berlin<br>\ud835\uddee\ud835\uddff\ud835\ude01\ud835\ude04\ud835\uddfc\ud835\uddff\ud835\uddf8 by Ragna Falk<\/p>\n<\/div>\n\n\n\n<div class=\"wp-block-column is-layout-flow wp-block-column-is-layout-flow\">\n<figure class=\"wp-block-embed is-type-video is-provider-youtube wp-block-embed-youtube wp-embed-aspect-16-9 wp-has-aspect-ratio\"><div class=\"wp-block-embed__wrapper\">\n<iframe loading=\"lazy\" title=\"Courage\" width=\"600\" height=\"338\" src=\"https:\/\/www.youtube.com\/embed\/erJDgY5X6sk?feature=oembed\" frameborder=\"0\" allow=\"accelerometer; autoplay; clipboard-write; encrypted-media; gyroscope; picture-in-picture; web-share\" referrerpolicy=\"strict-origin-when-cross-origin\" allowfullscreen><\/iframe>\n<\/div><\/figure>\n\n\n\n<h3 class=\"wp-block-heading has-text-align-center has-large-font-size\"><strong>COURAGE<\/strong><\/h3>\n\n\n\n<p class=\"has-text-align-center\">Johanna Lucia: Piano<br>David Schwartz: Cello, Vocals<br>Luca Pusch: Gituar, Syntesizer<br>Merle Thordis: Vocals<\/p>\n\n\n\n<p class=\"has-text-align-center\">all songs are written by Merle Thordis and arraigned by Johanna Lucia, David Schwartz, Luca Pusch and Merle Thordis<\/p>\n\n\n\n<p class=\"has-text-align-center\">\ud835\ude00\ud835\uddfc\ud835\ude02\ud835\uddfb\ud835\uddf1 \ud835\uddf2\ud835\uddfb\ud835\uddf4\ud835\uddf6\ud835\uddfb\ud835\uddf2\ud835\uddf2\ud835\uddff: Jakob Kerscher, Hannah Sophia Schmeiser<br>\ud835\uddfd\ud835\uddff\ud835\uddfc\ud835\uddf1\ud835\ude02\ud835\uddf0\ud835\ude01\ud835\uddf6\ud835\uddfc\ud835\uddfb\/\ud835\uddfa\ud835\uddee\ud835\ude00\ud835\ude01\ud835\uddf2\ud835\uddff\ud835\uddf6\ud835\uddfb\ud835\uddf4\/\ud835\uddfa\ud835\uddf6\ud835\ude05\ud835\uddf6\ud835\uddfb\ud835\uddf4: Hannah Sophia Schmeiser<br>Studio: UdK Berlin<br>\ud835\uddee\ud835\uddff\ud835\ude01\ud835\ude04\ud835\uddfc\ud835\uddff\ud835\uddf8 by Ragna Falk<\/p>\n<\/div>\n<\/div>\n\n\n\n<div class=\"wp-block-columns alignwide tw-cols-card tw-cols-card-shadow tw-stretched-media is-layout-flex wp-container-core-columns-is-layout-d0b3c9c8 wp-block-columns-is-layout-flex\">\n<div class=\"wp-block-column is-layout-flow wp-block-column-is-layout-flow\">\n<figure class=\"wp-block-embed is-type-video is-provider-youtube wp-block-embed-youtube wp-embed-aspect-16-9 wp-has-aspect-ratio\"><div class=\"wp-block-embed__wrapper\">\n<iframe loading=\"lazy\" title=\"N&#039;aie Pas Peur\" width=\"600\" height=\"338\" src=\"https:\/\/www.youtube.com\/embed\/9MwQCi6Hvb8?feature=oembed\" frameborder=\"0\" allow=\"accelerometer; autoplay; clipboard-write; encrypted-media; gyroscope; picture-in-picture; web-share\" referrerpolicy=\"strict-origin-when-cross-origin\" allowfullscreen><\/iframe>\n<\/div><\/figure>\n\n\n\n<h3 class=\"wp-block-heading has-text-align-center has-large-font-size\"><strong>N&#8217;AIE PAS PEUR<\/strong><\/h3>\n\n\n\n<p class=\"has-text-align-center\">Johanna Lucia: Piano<br>David Schwartz: Cello, Vocals<br>Luca Pusch: Gituar, Syntesizer<br>Merle Thordis: Vocals<\/p>\n\n\n\n<p class=\"has-text-align-center\">all songs are written by Merle Thordis and arraigned by Johanna Lucia, David Schwartz, Luca Pusch and Merle Thordis<\/p>\n\n\n\n<p class=\"has-text-align-center\">\ud835\ude00\ud835\uddfc\ud835\ude02\ud835\uddfb\ud835\uddf1 \ud835\uddf2\ud835\uddfb\ud835\uddf4\ud835\uddf6\ud835\uddfb\ud835\uddf2\ud835\uddf2\ud835\uddff: Jakob Kerscher, Hannah Sophia Schmeiser<br>\ud835\uddfd\ud835\uddff\ud835\uddfc\ud835\uddf1\ud835\ude02\ud835\uddf0\ud835\ude01\ud835\uddf6\ud835\uddfc\ud835\uddfb\/\ud835\uddfa\ud835\uddee\ud835\ude00\ud835\ude01\ud835\uddf2\ud835\uddff\ud835\uddf6\ud835\uddfb\ud835\uddf4\/\ud835\uddfa\ud835\uddf6\ud835\ude05\ud835\uddf6\ud835\uddfb\ud835\uddf4: Hannah Sophia Schmeiser<br>Studio: UdK Berlin<br>\ud835\uddee\ud835\uddff\ud835\ude01\ud835\ude04\ud835\uddfc\ud835\uddff\ud835\uddf8 by Ragna Falk<\/p>\n<\/div>\n\n\n\n<div class=\"wp-block-column is-layout-flow wp-block-column-is-layout-flow\">\n<figure class=\"wp-block-embed is-type-rich is-provider-soundcloud wp-block-embed-soundcloud\"><div class=\"wp-block-embed__wrapper\">\n<iframe loading=\"lazy\" title=\"Blackbird by Merle Thordis\" width=\"600\" height=\"400\" scrolling=\"no\" frameborder=\"no\" src=\"https:\/\/w.soundcloud.com\/player\/?visual=true&#038;url=https%3A%2F%2Fapi.soundcloud.com%2Ftracks%2F803287000&#038;show_artwork=true&#038;maxheight=900&#038;maxwidth=600\"><\/iframe>\n<\/div><\/figure>\n\n\n\n<h3 class=\"wp-block-heading has-text-align-center has-large-font-size\"><strong>BLACKBIRD<\/strong><\/h3>\n\n\n\n<p class=\"has-text-align-center\">Blackbird<br>written by John Lennon \/ Paul McCartney<\/p>\n\n\n\n<p class=\"has-text-align-center\">Vocals: Merle Thordis<br>Cello: David Schwartz<\/p>\n<\/div>\n<\/div>\n<\/div><\/div>","protected":false},"excerpt":{"rendered":"<p>Der K\u00f6rper dient als Instrument und die Stimme als Ausdruck von Innen- und Au\u00dfenleben. So kann das Innenleben erklingen und mit der Au\u00dfenwelt in Beziehung gesetzt werden. Singen und Musizieren k\u00f6nnen gl\u00fccklich machen. Es bietet eine weitere Sprache als Ausdrucksform. Merles musikalische T\u00e4tigkeit sind breit gef\u00e4chert. Gesanglich erlangte Merle eine Grundausbildung in Pop, Jazz, Klassik&hellip; <a class=\"more-link\" href=\"https:\/\/merle-thordis.com\/englisch\/gesang\">Continue reading <span class=\"screen-reader-text\">Voice\/Music<\/span><\/a><\/p>","protected":false},"author":1,"featured_media":0,"parent":0,"menu_order":0,"comment_status":"closed","ping_status":"closed","template":"tw-header-transparent-light.php","meta":{"footnotes":""},"class_list":["post-76","page","type-page","status-publish","hentry","entry"],"_links":{"self":[{"href":"https:\/\/merle-thordis.com\/englisch\/wp-json\/wp\/v2\/pages\/76","targetHints":{"allow":["GET"]}}],"collection":[{"href":"https:\/\/merle-thordis.com\/englisch\/wp-json\/wp\/v2\/pages"}],"about":[{"href":"https:\/\/merle-thordis.com\/englisch\/wp-json\/wp\/v2\/types\/page"}],"author":[{"embeddable":true,"href":"https:\/\/merle-thordis.com\/englisch\/wp-json\/wp\/v2\/users\/1"}],"replies":[{"embeddable":true,"href":"https:\/\/merle-thordis.com\/englisch\/wp-json\/wp\/v2\/comments?post=76"}],"version-history":[{"count":37,"href":"https:\/\/merle-thordis.com\/englisch\/wp-json\/wp\/v2\/pages\/76\/revisions"}],"predecessor-version":[{"id":889,"href":"https:\/\/merle-thordis.com\/englisch\/wp-json\/wp\/v2\/pages\/76\/revisions\/889"}],"wp:attachment":[{"href":"https:\/\/merle-thordis.com\/englisch\/wp-json\/wp\/v2\/media?parent=76"}],"curies":[{"name":"wp","href":"https:\/\/api.w.org\/{rel}","templated":true}]}}